72)/15. Suppose 0 = -4*c - 4*g + 916, -22 + 2 = 4*g. What is the highest common divisor of b and c?
18
Suppose 2*y - 34 = -r, -r + 51 = 3*y + 4*r. Let f = y + -15. Suppose 0*a = -f*a + 4*c + 96, 0 = -a + 5*c + 60. Calculate the highest common divisor of 10 and a.
10
Suppose 0 = 2*g + 3*f, -2*g = 2*g - 3*f. Suppose g = -y - 11 + 43. What is the greatest common factor of y and 1?
1
Let j be (-4256)/(-608) + 1 + 19772. Calculate the greatest common factor of 46 and j.
46
Let l be 3/((3/(-45))/(10/(-45))). Suppose 0 = l*y - 112 - 38. What is the highest common divisor of 10 and y?
5
Suppose -4*g + 24 = -2*g. Suppose -15*s + g*s + 15 = 0. Suppose 2*l - 101 = -s*n, -4*l - 42 = -4*n + 50. What is the greatest common divisor of n and 7?
7
Let v(c) = 6*c**2 + 1471*c + 8777. Let g be v(-6). What is the greatest common factor of 14696 and g?
167
Let s = -1775 - -1965. What is the greatest common factor of 130 and s?
10
Suppose 0 = -21*a + 36*a - 1410. What is the highest common divisor of 8 and a?
2
Let l be (-170247)/(-242)*(-4)/(-6). What is the greatest common factor of 603 and l?
67
Suppose 9*b - 2823 = -2598. What is the highest common divisor of b and 4975?
25
Suppose 75*r - 66*r = 54. Let j(k) = 9*k**3 - 50*k**2 + 3*k + 8. Let a be j(r). What is the highest common factor of 30 and a?
10
Let d be 4 - (1/(-1) + 0). Suppose 2*l - 5*z = -0*l + 576, 4*l - 4*z = 1128. Let c = 313 - l. Calculate the greatest common factor of c and d.
5
Let t = -177 + -773. Let y be (36/5 - 6)/((-15)/t). Calculate the greatest common factor of 342 and y.
38
Let w be ((-427)/(-35) + 1/5)*225. What is the highest common factor of 60 and w?
30
Suppose -3*o + 3*w = 1635, -o + 3*o + 1087 = 5*w. Let u = -465 - o. Suppose 0 = 4*g - 11 - 25. What is the highest common factor of g and u?
9
Let j be (-1290)/(-18) + (1232/(-33))/14. What is the highest common factor of 6693 and j?
69
Let i = -487 - -490. Suppose 3*o - 5*v = 2299, -1530 - i = -2*o + 3*v. Calculate the highest common divisor of o and 24.
24
Suppose -l + 58 = -0*q + 2*q, q = -2*l + 119. Suppose 105*s = 116*s + 12144. Let n = s - -1184. Calculate the highest common divisor of n and l.
20
Let q = -115 - -225. Suppose 291*m - 287*m + 4*c - 108 = 0, -5*m = 4*c - 130. What is the greatest common factor of q and m?
22
Let a(o) = 2*o**2 + 40*o + 6. Let v be a(-20). Suppose -4*g + 4 = 2*w, w = 3*g + 6*w + 11. Calculate the highest common divisor of v and g.
3
Suppose -5*g + 5*c + 5040 = 0, 3005 = -3*g + 2*c + 6035. Suppose 0 = 2*k - 64 - 92. What is the highest common divisor of k and g?
78
Suppose 0 = 79*d - 387 - 86 - 1. Let o be ((-6)/10)/(3/(-30)). What is the highest common divisor of d and o?
6
Suppose -4*q = -96*w + 98*w - 976, -5*q + 1220 = w. Calculate the highest common divisor of 549 and q.
61
Let x(h) = 58*h + 465. Let b be x(-6). Suppose -9*w + 65 = -4*w - 5*g, -w = -5*g - 29. What is the highest common divisor of b and w?
9
Suppose 799 = 22*s + 41*s - 902. What is the greatest common divisor of 6021 and s?
27
Let p be 18/(-42) + 1990/(-140)*-2. Calculate the greatest common factor of p and 14.
14
Suppose 17*m - 19*m - 11 = -5*b, -5 = -4*m + b. Suppose -2*j + 5*j = 42. Calculate the highest common factor of j and m.
2
Let h(g) = 2*g**2 + 14*g + 14. Let b be h(-6). Suppose -5 = -2*t + 5*u - b*u, 3*u = -2*t + 35. Calculate the highest common factor of t and 130.
10
Suppose -13325 = -2*f - 5*h, h = 4 - 11. What is the highest common divisor of 40 and f?
40
Suppose -81*n + 288 - 775 = -5347. Calculate the greatest common factor of 1425 and n.
15
Suppose -40*u = 35*u - 919 - 56. What is the highest common factor of 9893 and u?
13
Let k be 0 + (-518)/(-58) + 200/2900 + 618. Suppose -66 = -p - 0*p. Calculate the highest common factor of p and k.
33
Let r(c) = -c**2 - 19*c - 46. Let z be r(-11). Suppose k - 6*k - 335 = 0. Let u = k - -109. What is the highest common factor of z and u?
42
Suppose p - 1081 = -2*z, -304*z - 2670 = -309*z + 4*p. What is the highest common divisor of 8 and z?
2
Suppose -164*c = -151*c - 923. Calculate the greatest common factor of 2911 and c.
71
Suppose 4*y = -2139 + 2155. Calculate the greatest common divisor of 2736 and y.
4
Let v be (-24)/(-72) - (-1402)/6. Calculate the greatest common divisor of 741 and v.
39
Suppose 1060 = 122*z - 12558 + 808. What is the highest common divisor of 1134 and z?
21
Let x be (-1)/(2/10*-1). Suppose 4*q - 46 + 6 = 0. Suppose d + q - 32 = -3*v, 4*v + 4 = 2*d. What is the highest common factor of d and x?
5
Suppose -4*d = -10027 - 6278 - 24395. What is the greatest common divisor of 37 and d?
37
Suppose 196 = 4*m + 2*n, n = -3*m + 6*m - 152. Suppose 13*v - m = 54. Suppose -4*c + 10 = c. Calculate the highest common divisor of v and c.
2
Let z be 2430/21 - 4/(-14). Suppose 828 = -110*h + z*h. What is the greatest common factor of h and 6?
6
Let d be 4/((-20)/15) - 1*-13. Suppose -5*o = -2*t - 42, -t + 34 = 4*o - d. Let q = o - -6. What is the greatest common divisor of 56 and q?
8
Let p be (11160/540)/((-2)/(-54)). What is the greatest common factor of 682 and p?
62
Suppose -4*y - y = -4*o - 101, -5*o - 79 = -4*y. Let g be y*2/((-6)/9). Let u = 45 - g. What is the greatest common factor of 18 and u?
18
Let i(g) = -16*g - 42. Let y(a) = -8*a - 21. Let p(v) = -6*i(v) + 14*y(v). Let m be p(-4). Calculate the highest common factor of 55 and m.
11
Suppose -2*g + 464 = 3*l, -3*g - 141 = -4*l + 489. Let i be (-11586)/(-99) + (-383)/12639. Calculate the greatest common divisor of i and l.
39
Let o(n) = -n**2 - 7*n + 4 - 79 - 22*n + 8*n. Let r be o(-13). Calculate the greatest common divisor of r and 29.
29
Suppose -16*g + 7*g + 660 = -3*g. Calculate the greatest common factor of 340 and g.
10
Let v be ((-814)/(-8))/(5/20). Let p = 47 - 66. Let d = 18 - p. What is the greatest common factor of d and v?
37
Let x = -340 - -361. Suppose 104 = -13*w + x*w. What is the greatest common divisor of 65 and w?
13
Suppose 5*s - 130 = 3*s. Let f = s - 56. Let q be (1232/(-33))/((-3)/f). Calculate the greatest common factor of q and 14.
14
Suppose 3*r = 7*p - 11*p + 5562, -2*p - 1844 = -r. What is the highest common divisor of 850 and r?
50
Let l = -201 + 314. Let t = l - -22. What is the highest common divisor of t and 81?
27
Let m = 75 + -24. Let t be (-20)/(-3) + -2 - (-70)/(-105). Suppose -107 = -t*j + 29. What is the greatest common factor of m and j?
17
Let s be (4/15)/2 - (-20454)/(-1890)*-12. What is the highest common factor of s and 80210?
130
Let j = 68 + -23. Suppose -57*s + 70*s = 4355. Suppose -73*z = -6*z - s. What is the greatest common factor of j and z?
5
Let v = 96 - 69. Suppose -4*g + 59 = v. Let z(f) = 2*f**2 - 13*f + 20. Let a be z(g). Calculate the highest common factor of a and 11.
11
Suppose 0 = 5*d + 355*p - 352*p - 74418, 0 = 4*d - 3*p - 59529. Calculate the highest common divisor of d and 123.
123
Suppose 0 = 41*s - 37*s + 8. Let r(z) be the third derivative of -25*z**4/12 - 5*z**3/6 - z**2. Let c be r(s). What is the greatest common factor of 19 and c?
19
Let z be ((-91)/39)/((-7)/2100). What is the highest common factor of z and 100?
100
Suppose -15 + 33 = 6*u. Suppose -6*o + 3*o + 5*h = -166, 5*o = -u*h + 254. Calculate the highest common divisor of o and 221.
13
Suppose g - 5*b = 11, -2*g + b - 46 + 68 = 0. What is the greatest common divisor of 10494 and g?
11
Let b = 597 + -581. Let l be 1/(2/6) - -189. Suppose 13*a - 17*a = -l. Calculate the greatest common divisor of a and b.
16
Let t be (240/300)/(-3*4/(-8550)). What is the greatest common divisor of 456 and t?
114
Suppose 12 = 6*a - 12. Let o be 3 - 4/5*10/a. Let n be o*(0 + -1 + 14). What is the highest common divisor of 117 and n?
13
Let l(x) = x**3 + 16*x**2 + 17*x + 4. Let h be l(-15). Let g be (h*(-3)/(-5))/((-2)/10). Suppose 1 = -k + g. What is the greatest common factor of 7 and k?
7
Let f(d) = -3*d - 20. Let z be f(-6). Let x(s) = -27*s**3 + 2*s**2 + s - 1. Let a be x(z). What is the greatest common factor of a and 13?
13
Suppose -3*b = -y - 5467, 3*y + 3626 = -26*b + 28*b. Calculate the highest common factor of b and 75.
25
Suppose -13 = -t - 4. Let p be (1652/(-295) + (-5)/(-1))/((-10)/1300). Calculate the greatest common factor of p and t.
3
Suppose 5*b = n - 2*n + 218, 2*n + b = 